e ((-33)/z + 5)/((-3)/1374)?
False
Suppose -4*n + 261 + 123 = 0. Suppose -o - 3*p + n = 0, 0 = -11*o + 9*o + 5*p + 170. Is o a multiple of 15?
True
Let q(u) = u**2 + u + 12. Let w be q(0). Suppose w*p = 11*p + 4. Suppose -4*k - p*b = -2*b - 152, -2*k = 2*b - 78. Is 2 a factor of k?
False
Suppose 3412 = -38*r + 39*r + u, 10*u = 3*r - 10327. Does 48 divide r?
False
Let w(u) = -u**3 + 7*u**2 + 9*u + 13. Let f be w(8). Let v be (-6)/(-4)*(-14)/f. Is 12 a factor of (-11)/33*(-94 - v)?
False
Let p(t) = 32*t**3 - 4*t**2 - 3*t + 2. Let f be p(-2). Let j = f - -510. Is j a multiple of 18?
False
Let z = 453 - 11. Let j = z + 9. Is j a multiple of 11?
True
Suppose 16*s + 4*s + 2*s = 0. Suppose s = -4*d + 1504 + 536. Does 15 divide d?
True
Let k(n) = -n**3 - 12*n**2 + 23*n - 11. Let c(j) = j**3 + 12*j**2 - 24*j + 11. Let s(b) = -7*c(b) - 6*k(b). Is 19 a factor of s(-15)?
False
Suppose -3*u + 3 = -z - z, -4*z = -5*u + 9. Let o = 296 - z. Suppose 0 = 4*c - 2*c - o. Does 16 divide c?
False
Suppose 3*k - 9417 = -3*c, -4*c = -k + 323 + 2801. Let a = -1555 + k. Is a a multiple of 55?
False
Suppose 8*w + 2*w = 180. Let d = w - 8. Suppose 14*a - d*a - 36 = 0. Is 9 a factor of a?
True
Suppose 4*l - 2*m - 1 = 1, 2*m = l - 8. Let h be (-17 + -45)*1/l. Does 17 divide 1*1/1*h?
False
Let r(f) = -f - 21. Let u = -53 - -46. Let w be r(u). Let a = w - -51. Is 13 a factor of a?
False
Let m(a) = a**2 + 80*a + 4593. Is 5 a factor of m(-92)?
False
Let a = -15 - -30. Let c = a - 13. Suppose 0*f + 5*y - 11 = f, -c*f + 2 = -2*y. Is f a multiple of 4?
True
Suppose 0 = -j - 8*j. Suppose -5*u - 2*u + 3024 = j. Is u a multiple of 36?
True
Let s(k) = 54*k. Let i be 33/44 - 5/(-4). Let j be s(i). Suppose -2*v = -v - j. Does 18 divide v?
True
Suppose 32 = -4*z + 60. Suppose -3*k = 2*n - z*n + 166, 47 = n + 4*k. Suppose -n*i - 384 = -39*i. Is i a multiple of 7?
False
Let m = 223 - 308. Does 25 divide (-4)/(-34) + (187395/m)/(-3)?
False
Let h(b) = b**2 - 6*b - 3. Suppose -11*s - 25 = -6*s. Let q be h(s). Suppose -7*i + 297 - q = 0. Does 5 divide i?
True
Suppose 0 = 6*c - 4*c - 610. Suppose c = -6*b - 559. Is 7 a factor of 2 - ((-6)/8)/((-4)/b)?
False
Let s(f) = 2*f - 4*f - 17*f + 2*f**2 + 56 - 9*f + 6*f. Is 29 a factor of s(14)?
False
Suppose 14*m + 1515 = 9*m + 5*i, 0 = 5*m + 2*i + 1536. Is (0 + 84)/((-51)/m) a multiple of 92?
False
Suppose -4*l + 278 = 3*k - 2*l, -3*k + 4*l = -272. Let s = k - 87. Suppose 0 = -s*v + 298 - 28. Does 20 divide v?
False
Suppose -2*q = -5*b + 285491 + 5757, 5*b = -5*q + 291220. Is b a multiple of 72?
True
Let h(l) = 227*l - 3*l**3 - l**2 - 244*l - 3*l**2 - 18 + 0*l**2. Is 21 a factor of h(-6)?
True
Let u(d) = 48*d**2 - 3*d - 5. Let w be u(-2). Suppose -2*j - 19 = -w. Is 5 a factor of j?
False
Suppose -5*z + 65 = b, 21 = 5*b - 4. Let c(f) = 5*f - 48. Does 7 divide c(z)?
False
Is ((-56)/(-35))/8 + (-14458)/(-10) a multiple of 17?
False
Let o be 2 + -6 - -44 - 4. Suppose o + 52 = v. Is 11 a factor of v?
True
Suppose 5*z + 409 = a, 873 = -32*a + 34*a + z. Is a a multiple of 40?
False
Suppose -2640 = 1175*k - 1187*k. Suppose -700 = -3*a + 896. Suppose k + a = 8*z. Is 21 a factor of z?
False
Suppose 5*p - 2910 = 15*p. Let x = p - -441. Is 15 a factor of x?
True
Suppose -3*n + 4*i = 12, 15 = -0*n - 5*n + 5*i. Is 5 a factor of 378/12 + (-3)/2 - n?
True
Suppose 8*k = 156 - 4. Let z = 10 - k. Is 28 a factor of (1*60/z)/((-1)/21)?
True
Let q be (81531/51)/3 - (-6)/51. Suppose 15*f - q = 1807. Does 4 divide f?
True
Suppose 6*j + 699 = 9*j. Suppose -4*d + 786 = 2*r, -r + 4*d + j + 136 = 0. Does 35 divide r?
True
Let k = 166 - 168. Is 32 a factor of 820/15 - k/6 - -3?
False
Suppose 16*f + 4*f = 6*f + 67438. Is f a multiple of 24?
False
Suppose 0 = 3*n - 2*x - 4608, 29*n - 7675 = 24*n + 5*x. Is n a multiple of 44?
False
Let o(z) be the second derivative of 19*z**4/12 - z**3/3 + 17*z**2/2 - 18*z. Let d(b) be the first derivative of o(b). Does 18 divide d(1)?
True
Suppose 14 = -p + 8*p. Suppose g + 2*c - 141 = 0, -g + c + p*c = -126. Let j = 12 + g. Is 21 a factor of j?
True
Suppose 5*p + 170 = -2*c - 3*c, 2*c + 167 = -5*p. Suppose -2*t + 50 = 4*o - 112, -85 = -t - 3*o. Let s = t + p. Is 6 a factor of s?
False
Let b(s) = 113 + 164*s**2 + 36*s - 12*s - 165*s**2 - 18. Is b(18) a multiple of 7?
True
Let x = -8129 - -18735. Does 161 divide x?
False
Let a(c) = -c**2 + 20*c + 23. Let u be a(21). Suppose 713 = 5*r + u*s + 200, r = 4*s + 107. Does 8 divide r?
False
Let w = -4494 + 7274. Is 160 a factor of w?
False
Let r(f) = 158*f**2 - 113*f - 673. Is r(-13) a multiple of 76?
False
Let c(x) = -240*x**3 - 6*x**2 - 23*x + 47. Is 7 a factor of c(-4)?
False
Let u(g) = -g**3 - 8*g**2 - 13*g + 1. Let s be u(-6). Suppose -11*i + 16 = -s*i. Suppose 5*o = -i*p + 136, -3*p + 179 = 2*p + 4*o. Is 12 a factor of p?
False
Let d = -431 + 435. Suppose -d*h + 1586 = 286. Is 25 a factor of h?
True
Let g(p) = -2189*p**3 + 13*p**2 + 18*p - 12. Is g(-2) a multiple of 116?
True
Let z(f) = -48*f + 71 + 57 - 142. Is 10 a factor of z(-3)?
True
Suppose -1956*a = -1979*a + 41952. Does 8 divide a?
True
Let l(x) = 35*x - 1042. Is 6 a factor of l(80)?
True
Suppose -5*p - 155 = -635. Suppose 13*n = 9*n - p. Let w = 104 - n. Does 16 divide w?
True
Let j = -6115 + 9538. Is j a multiple of 28?
False
Suppose 13*r = -2391 + 54045 + 30623. Is 95 a factor of r?
False
Let p = -4206 + 9243. Is p a multiple of 151?
False
Let m be 1/((-24)/93) + (-1)/8. Let t be 705/5*(m/(-6) + 0). Suppose -t = -s + h + 74, 5*s - 813 = -4*h. Is s a multiple of 21?
False
Let g = 15564 + -13342. Is g a multiple of 4?
False
Does 39 divide (234/(-36))/(3 + (-7689)/2562)?
False
Let v(g) = -7*g**3 + 5*g**2 - 23*g - 12. Let f be v(-10). Is 35 a factor of (-2)/(-9) + f/18?
False
Suppose -3*i - 2120 = -5426. Suppose -8*u + i = -690. Is 14 a factor of u?
True
Let l = 6881 + -2678. Is l a multiple of 4?
False
Suppose -5*b + 2*g + 10908 = 0, 0*b + b - 5*g - 2154 = 0. Does 8 divide b?
True
Suppose 4*t + 81925 = 21*t + 12*t. Is 25 a factor of t?
True
Is ((-1406)/4)/(-2 - 14/(-8)) a multiple of 15?
False
Let l(x) be the first derivative of x**3/3 - 3*x**2/2 + 20*x - 6. Let z(d) = 6*d + 46. Let w be z(-6). Is 30 a factor of l(w)?
True
Let n = -4269 - -7452. Is 16 a factor of n?
False
Let u(z) = -2*z**3 + 94*z**2 - 33*z + 180. Is 166 a factor of u(42)?
True
Suppose 22 = 26*s - 15*s. Suppose -z + 164 = s*f - 0*f, -f = -2*z - 87. Does 2 divide f?
False
Let v be (-5)/(-15) + (-2240)/(-3). Is v - 28*5/20 a multiple of 16?
False
Let t = 1918 + 508. Is t a multiple of 18?
False
Let n = -21 - 7. Let g be -1 + (-6)/8 + (-1589)/n. Suppose -26 = -4*f - 5*j + 14, -g = -5*f - 5*j. Is f a multiple of 5?
True
Let j be (21/42)/(1/10). Suppose -j*o = -i + 232, 3*i - 322 = 3*o + 326. Let v = 410 - i. Is 11 a factor of v?
True
Let s be 1197/35*(-2)/6*-5. Let l = -52 + s. Is (-54855)/(-225) - (0 + (-1)/l) a multiple of 18?
False
Let n be ((-1)/(-2))/((-4)/(-24)). Let w be -1 + n + 4 + -4. Suppose 0 = -w*d + 3*f + 260, 0 = -2*d + 3*d - 5*f - 144. Does 31 divide d?
True
Let r be (3 - (5 - -3)) + 133. Let q(l) = 2*l**2 - 4*l - 8. Let m be q(8). Let s = r - m. Does 7 divide s?
False
Let r = 117 + -123. Let n(l) = -5*l**2 - l - 21. Let x(j) = 6*j**2 + j + 22. Let g(d) = -4*n(d) - 3*x(d). Does 14 divide g(r)?
True
Let b(t) = t**3 + 35*t**2 + 81*t + 26. Let v be b(-22). Suppose -15*u = -6*u - v. Does 9 divide u?
True
Suppose -2*n = 3*r - 28730, 2*r - 3*n - 8993 = 10169. Is r a multiple of 91?
False
Let v(k) = 40*k**2 + 1. Suppose 0 = 4*b - 3*p + 248, -2*b - 5*p - 310 = 3*b. Let u = b - -63. Does 12 divide v(u)?
False
Let k = -18 + 29. Suppose 14*f - k*f - 12 = 0. Is 13 a factor of (-8)/f*(-4 + 3 - 12)?
True
Let o = -5343 + 13483. Is 4 a factor of o?
True
Let w = -54 + 58. Suppose -w*r + 34 - 14 = 0. Suppose -r*b + 432 = 337. Is b a multiple of 5?
False
Let k(g) = -9*g - 115. Let z be k(-18). Suppose 0 = 2*r - 2, b + z*r - 45*r - 402 = 0. Is b a multiple of 14?
False
Let z = -169 + 131. Let t = z + 107. Is 69 a factor of t?
True
Let o be 6 + -2 + (-93)/(-3). Suppose 2*g = -3*g + v + o, v - 35 = -5*g. Suppose -g*y + 5*y = -12. Is 4 a factor of y?
False
Let b = -1786 - -2271. Does 4 divide b?
False
Let f(r) = 64*r**2 + 3468*r - 107. Is f(-56) a multiple of 21?
False
Suppose -4*y 